{"id":13,"date":"2026-01-28T15:03:59","date_gmt":"2026-01-28T14:03:59","guid":{"rendered":"http:\/\/neu.borkumer-wohnraumgenossenschaft.de\/?page_id=13"},"modified":"2026-02-10T08:43:55","modified_gmt":"2026-02-10T07:43:55","slug":"vorstand","status":"publish","type":"page","link":"https:\/\/borkumer-wohnraumgenossenschaft.de\/?page_id=13","title":{"rendered":"vorstand"},"content":{"rendered":"\t\t<div data-elementor-type=\"wp-page\" data-elementor-id=\"13\" class=\"elementor elementor-13\" data-elementor-post-type=\"page\">\n\t\t\t\t<div class=\"elementor-element elementor-element-b508f8f e-flex e-con-boxed e-con e-parent\" data-id=\"b508f8f\" data-element_type=\"container\" data-e-type=\"container\">\n\t\t\t\t\t<div class=\"e-con-inner\">\n\t\t\t\t<div class=\"elementor-element elementor-element-481a0bb elementor-widget elementor-widget-spacer\" data-id=\"481a0bb\" data-element_type=\"widget\" data-e-type=\"widget\" data-widget_type=\"spacer.default\">\n\t\t\t\t\t\t\t<div class=\"elementor-spacer\">\n\t\t\t<div class=\"elementor-spacer-inner\"><\/div>\n\t\t<\/div>\n\t\t\t\t\t\t<\/div>\n\t\t\t\t\t<\/div>\n\t\t\t\t<\/div>\n\t\t<div class=\"elementor-element elementor-element-c051706 e-flex e-con-boxed e-con e-parent\" data-id=\"c051706\" data-element_type=\"container\" data-e-type=\"container\">\n\t\t\t\t\t<div class=\"e-con-inner\">\n\t\t\t\t<div class=\"elementor-element elementor-element-d8dc8b2 elementor-widget elementor-widget-html\" data-id=\"d8dc8b2\" data-element_type=\"widget\" data-e-type=\"widget\" data-widget_type=\"html.default\">\n\t\t\t\t\t<section class=\"bw-section bw-board\" aria-labelledby=\"vorstand-heading\">\r\n  <div class=\"bw-section-inner bw-board-inner\">\r\n\r\n    <header class=\"bw-section-header bw-board-header\">\r\n      <div class=\"bw-section-title-wrap\">\r\n        <h2 id=\"vorstand-heading\">Der Vorstand<\/h2>\r\n      <\/div>\r\n      <p class=\"lead\">\r\n        Der Vorstand der Borkumer Wohnraumgenossenschaft eG ist f\u00fcr die Gesch\u00e4ftsf\u00fchrung\r\n        und die Au\u00dfendarstellung der Genossenschaft verantwortlich. Zu seinen Hauptaufgaben geh\u00f6ren:\r\n      <\/p>\r\n\r\n      <div class=\"bw-board-team\">\r\n        <div class=\"tmm tmm_vorstand\"><div class=\"tmm_2_columns tmm_wrap tmm_plugin_f\"><span class=\"tmm_two_containers_tablet\"><\/span><div class=\"tmm_container\"><div class=\"tmm_member\" style=\"border-top:#333333 solid 5px;\"><div class=\"tmm_photo tmm_pic_vorstand_0\" style=\"background: url(https:\/\/borkumer-wohnraumgenossenschaft.de\/wp-content\/uploads\/2026\/01\/Hinnerk.jpg); margin-left: auto; margin-right:auto; background-size:cover !important;\"><\/div><div class=\"tmm_textblock\"><div class=\"tmm_names\"><span class=\"tmm_fname\">Hinnerk<\/span> <span class=\"tmm_lname\">Tiedeken<\/span><\/div><div class=\"tmm_job\">Vorstandsvorsitzender<\/div><div class=\"tmm_scblock\"><a class=\"tmm_sociallink\" href=\"mailto:&#104;&#105;n&#110;&#101;rk&#046;&#116;i&#101;&#100;ek&#101;n&#064;&#098;or&#107;&#117;mer&#045;&#119;ohnr&#097;&#117;mgenos&#115;e&#110;sc&#104;aft&#046;&#100;e\" title=\"\"><img decoding=\"async\" alt=\"\" src=\"https:\/\/borkumer-wohnraumgenossenschaft.de\/wp-content\/plugins\/team-members\/inc\/img\/links\/email.png\"\/><\/a><\/div><\/div><\/div><div class=\"tmm_member\" style=\"border-top:#333333 solid 5px;\"><div class=\"tmm_photo tmm_pic_vorstand_1\" style=\"background: url(https:\/\/borkumer-wohnraumgenossenschaft.de\/wp-content\/uploads\/2026\/01\/MariusOkken.jpg); margin-left: auto; margin-right:auto; background-size:cover !important;\"><\/div><div class=\"tmm_textblock\"><div class=\"tmm_names\"><span class=\"tmm_fname\">Marius<\/span> <span class=\"tmm_lname\">Okken<\/span><\/div><div class=\"tmm_job\">Vorstandsmitglied<\/div><div class=\"tmm_scblock\"><a class=\"tmm_sociallink\" href=\"mailto:&#109;ar&#105;us&#046;&#111;kken&#064;&#098;orku&#109;&#101;r&#045;w&#111;&#104;n&#114;&#097;&#117;&#109;&#103;&#101;n&#111;&#115;se&#110;schaf&#116;.d&#101;\" title=\"\"><img decoding=\"async\" alt=\"\" src=\"https:\/\/borkumer-wohnraumgenossenschaft.de\/wp-content\/plugins\/team-members\/inc\/img\/links\/email.png\"\/><\/a><\/div><\/div><\/div><div style=\"clear:both;\"><\/div><\/div><\/div><\/div>\r\n      <\/div>\r\n    <\/header>\r\n\r\n    <ul class=\"bw-task-list bw-board-list\">\r\n      <li>\r\n        <strong>Gesch\u00e4ftsf\u00fchrung<\/strong>\r\n        <span>Der Vorstand leitet die Genossenschaft und f\u00fchrt die Gesch\u00e4fte im Interesse der Mitglieder. Er setzt die Beschl\u00fcsse der Generalversammlung um und sorgt f\u00fcr die Einhaltung gesetzlicher sowie satzungsm\u00e4\u00dfiger Bestimmungen.<\/span>\r\n      <\/li>\r\n\r\n      <li>\r\n        <strong>Vertretung<\/strong>\r\n        <span>Der Vorstand vertritt die Genossenschaft gerichtlich und au\u00dfergerichtlich, handelt im Namen der Genossenschaft und schlie\u00dft notwendige Vertr\u00e4ge ab.<\/span>\r\n      <\/li>\r\n\r\n      <li>\r\n        <strong>Berichtswesen<\/strong>\r\n        <span>Er stellt den Jahresabschluss und den Lagebericht auf und legt diese der Generalversammlung zur Genehmigung vor. Zudem informiert der Vorstand die Mitglieder regelm\u00e4\u00dfig \u00fcber die Gesch\u00e4ftsentwicklung und die finanzielle Lage.<\/span>\r\n      <\/li>\r\n\r\n      <li>\r\n        <strong>Risikomanagement<\/strong>\r\n        <span>Der Vorstand identifiziert, bewertet und steuert Risiken, um die wirtschaftliche Stabilit\u00e4t der Genossenschaft zu gew\u00e4hrleisten.<\/span>\r\n      <\/li>\r\n\r\n      <li>\r\n        <strong>Personalf\u00fchrung<\/strong>\r\n        <span>Er ist verantwortlich f\u00fcr Einstellung und F\u00fchrung der Mitarbeitenden und sorgt f\u00fcr eine effiziente Organisation sowie ein gutes Arbeitsklima.<\/span>\r\n      <\/li>\r\n    <\/ul>\r\n\r\n  <\/div>\r\n<\/section>\r\n\t\t\t\t<\/div>\n\t\t\t\t\t<\/div>\n\t\t\t\t<\/div>\n\t\t<div class=\"elementor-element elementor-element-3cdf181 e-flex e-con-boxed e-con e-parent\" data-id=\"3cdf181\" data-element_type=\"container\" data-e-type=\"container\">\n\t\t\t\t\t<div class=\"e-con-inner\">\n\t\t\t\t<div class=\"elementor-element elementor-element-2e10ac5 elementor-widget elementor-widget-spacer\" data-id=\"2e10ac5\" data-element_type=\"widget\" data-e-type=\"widget\" data-widget_type=\"spacer.default\">\n\t\t\t\t\t\t\t<div class=\"elementor-spacer\">\n\t\t\t<div class=\"elementor-spacer-inner\"><\/div>\n\t\t<\/div>\n\t\t\t\t\t\t<\/div>\n\t\t\t\t\t<\/div>\n\t\t\t\t<\/div>\n\t\t\t\t<\/div>\n\t\t","protected":false},"excerpt":{"rendered":"<p>Der Vorstand Der Vorstand der Borkumer Wohnraumgenossenschaft eG ist f\u00fcr die Gesch\u00e4ftsf\u00fchrung und die Au\u00dfendarstellung der Genossenschaft verantwortlich. Zu seinen [&hellip;]<\/p>\n","protected":false},"author":1,"featured_media":0,"parent":0,"menu_order":0,"comment_status":"closed","ping_status":"closed","template":"elementor_header_footer","meta":{"site-sidebar-layout":"no-sidebar","site-content-layout":"","ast-site-content-layout":"full-width-container","site-content-style":"default","site-sidebar-style":"default","ast-global-header-display":"","ast-banner-title-visibility":"","ast-main-header-display":"","ast-hfb-above-header-display":"","ast-hfb-below-header-display":"","ast-hfb-mobile-header-display":"","site-post-title":"","ast-breadcrumbs-content":"","ast-featured-img":"disabled","footer-sml-layout":"","ast-disable-related-posts":"","theme-transparent-header-meta":"","adv-header-id-meta":"","stick-header-meta":"","header-above-stick-meta":"","header-main-stick-meta":"","header-below-stick-meta":"","astra-migrate-meta-layouts":"default","ast-page-background-enabled":"default","ast-page-background-meta":{"desktop":{"background-color":"var(--ast-global-color-5)","background-image":"","background-repeat":"repeat","background-position":"center center","background-size":"auto","background-attachment":"scroll","background-type":"","background-media":"","overlay-type":"","overlay-color":"","overlay-opacity":"","overlay-gradient":""},"tablet":{"background-color":"","background-image":"","background-repeat":"repeat","background-position":"center center","background-size":"auto","background-attachment":"scroll","background-type":"","background-media":"","overlay-type":"","overlay-color":"","overlay-opacity":"","overlay-gradient":""},"mobile":{"background-color":"","background-image":"","background-repeat":"repeat","background-position":"center center","background-size":"auto","background-attachment":"scroll","background-type":"","background-media":"","overlay-type":"","overlay-color":"","overlay-opacity":"","overlay-gradient":""}},"ast-content-background-meta":{"desktop":{"background-color":"var(--ast-global-color-4)","background-image":"","background-repeat":"repeat","background-position":"center center","background-size":"auto","background-attachment":"scroll","background-type":"","background-media":"","overlay-type":"","overlay-color":"","overlay-opacity":"","overlay-gradient":""},"tablet":{"background-color":"var(--ast-global-color-4)","background-image":"","background-repeat":"repeat","background-position":"center center","background-size":"auto","background-attachment":"scroll","background-type":"","background-media":"","overlay-type":"","overlay-color":"","overlay-opacity":"","overlay-gradient":""},"mobile":{"background-color":"var(--ast-global-color-4)","background-image":"","background-repeat":"repeat","background-position":"center center","background-size":"auto","background-attachment":"scroll","background-type":"","background-media":"","overlay-type":"","overlay-color":"","overlay-opacity":"","overlay-gradient":""}},"footnotes":""},"class_list":["post-13","page","type-page","status-publish","hentry"],"_links":{"self":[{"href":"https:\/\/borkumer-wohnraumgenossenschaft.de\/index.php?rest_route=\/wp\/v2\/pages\/13","targetHints":{"allow":["GET"]}}],"collection":[{"href":"https:\/\/borkumer-wohnraumgenossenschaft.de\/index.php?rest_route=\/wp\/v2\/pages"}],"about":[{"href":"https:\/\/borkumer-wohnraumgenossenschaft.de\/index.php?rest_route=\/wp\/v2\/types\/page"}],"author":[{"embeddable":true,"href":"https:\/\/borkumer-wohnraumgenossenschaft.de\/index.php?rest_route=\/wp\/v2\/users\/1"}],"replies":[{"embeddable":true,"href":"https:\/\/borkumer-wohnraumgenossenschaft.de\/index.php?rest_route=%2Fwp%2Fv2%2Fcomments&post=13"}],"version-history":[{"count":25,"href":"https:\/\/borkumer-wohnraumgenossenschaft.de\/index.php?rest_route=\/wp\/v2\/pages\/13\/revisions"}],"predecessor-version":[{"id":423,"href":"https:\/\/borkumer-wohnraumgenossenschaft.de\/index.php?rest_route=\/wp\/v2\/pages\/13\/revisions\/423"}],"wp:attachment":[{"href":"https:\/\/borkumer-wohnraumgenossenschaft.de\/index.php?rest_route=%2Fwp%2Fv2%2Fmedia&parent=13"}],"curies":[{"name":"wp","href":"https:\/\/api.w.org\/{rel}","templated":true}]}}

<div data-elementor-type="wp-page" data-elementor-id="13" class="elementor elementor-13" data-elementor-post-type="page">
				<div class="elementor-element elementor-element-b508f8f e-flex e-con-boxed e-con e-parent" data-id="b508f8f" data-element_type="container" data-e-type="container">
					<div class="e-con-inner">
				<div class="elementor-element elementor-element-481a0bb elementor-widget elementor-widget-spacer" data-id="481a0bb" data-element_type="widget" data-e-type="widget" data-widget_type="spacer.default">
							<div class="elementor-spacer">
			<div class="elementor-spacer-inner"></div>
		</div>
						</div>
					</div>
				</div>
		<div class="elementor-element elementor-element-c051706 e-flex e-con-boxed e-con e-parent" data-id="c051706" data-element_type="container" data-e-type="container">
					<div class="e-con-inner">
				<div class="elementor-element elementor-element-d8dc8b2 elementor-widget elementor-widget-html" data-id="d8dc8b2" data-element_type="widget" data-e-type="widget" data-widget_type="html.default">
					<section class="bw-section bw-board" aria-labelledby="vorstand-heading">
  <div class="bw-section-inner bw-board-inner">

    <header class="bw-section-header bw-board-header">
      <div class="bw-section-title-wrap">
        <h2 id="vorstand-heading">Der Vorstand</h2>
      </div>
      <p class="lead">
        Der Vorstand der Borkumer Wohnraumgenossenschaft eG ist für die Geschäftsführung
        und die Außendarstellung der Genossenschaft verantwortlich. Zu seinen Hauptaufgaben gehören:
      </p>

      <div class="bw-board-team">
        <div class="tmm tmm_vorstand"><div class="tmm_2_columns tmm_wrap tmm_plugin_f"><span class="tmm_two_containers_tablet"></span><div class="tmm_container"><div class="tmm_member" style="border-top:#333333 solid 5px;"><div class="tmm_photo tmm_pic_vorstand_0" style="background: url(https://borkumer-wohnraumgenossenschaft.de/wp-content/uploads/2026/01/Hinnerk.jpg); margin-left: auto; margin-right:auto; background-size:cover !important;"></div><div class="tmm_textblock"><div class="tmm_names"><span class="tmm_fname">Hinnerk</span> <span class="tmm_lname">Tiedeken</span></div><div class="tmm_job">Vorstandsvorsitzender</div><div class="tmm_scblock"><a class="tmm_sociallink" href="mailto:&#104;&#105;n&#110;&#101;rk&#046;&#116;i&#101;&#100;ek&#101;n&#064;&#098;or&#107;&#117;mer&#045;&#119;ohnr&#097;&#117;mgenos&#115;e&#110;sc&#104;aft&#046;&#100;e" title=""><img decoding="async" alt="" src="https://borkumer-wohnraumgenossenschaft.de/wp-content/plugins/team-members/inc/img/links/email.png"/></a></div></div></div><div class="tmm_member" style="border-top:#333333 solid 5px;"><div class="tmm_photo tmm_pic_vorstand_1" style="background: url(https://borkumer-wohnraumgenossenschaft.de/wp-content/uploads/2026/01/MariusOkken.jpg); margin-left: auto; margin-right:auto; background-size:cover !important;"></div><div class="tmm_textblock"><div class="tmm_names"><span class="tmm_fname">Marius</span> <span class="tmm_lname">Okken</span></div><div class="tmm_job">Vorstandsmitglied</div><div class="tmm_scblock"><a class="tmm_sociallink" href="mailto:&#109;ar&#105;us&#046;&#111;kken&#064;&#098;orku&#109;&#101;r&#045;w&#111;&#104;n&#114;&#097;&#117;&#109;&#103;&#101;n&#111;&#115;se&#110;schaf&#116;.d&#101;" title=""><img decoding="async" alt="" src="https://borkumer-wohnraumgenossenschaft.de/wp-content/plugins/team-members/inc/img/links/email.png"/></a></div></div></div><div style="clear:both;"></div></div></div></div>
      </div>
    </header>

    <ul class="bw-task-list bw-board-list">
      <li>
        <strong>Geschäftsführung</strong>
        <span>Der Vorstand leitet die Genossenschaft und führt die Geschäfte im Interesse der Mitglieder. Er setzt die Beschlüsse der Generalversammlung um und sorgt für die Einhaltung gesetzlicher sowie satzungsmäßiger Bestimmungen.</span>
      </li>

      <li>
        <strong>Vertretung</strong>
        <span>Der Vorstand vertritt die Genossenschaft gerichtlich und außergerichtlich, handelt im Namen der Genossenschaft und schließt notwendige Verträge ab.</span>
      </li>

      <li>
        <strong>Berichtswesen</strong>
        <span>Er stellt den Jahresabschluss und den Lagebericht auf und legt diese der Generalversammlung zur Genehmigung vor. Zudem informiert der Vorstand die Mitglieder regelmäßig über die Geschäftsentwicklung und die finanzielle Lage.</span>
      </li>

      <li>
        <strong>Risikomanagement</strong>
        <span>Der Vorstand identifiziert, bewertet und steuert Risiken, um die wirtschaftliche Stabilität der Genossenschaft zu gewährleisten.</span>
      </li>

      <li>
        <strong>Personalführung</strong>
        <span>Er ist verantwortlich für Einstellung und Führung der Mitarbeitenden und sorgt für eine effiziente Organisation sowie ein gutes Arbeitsklima.</span>
      </li>
    </ul>

  </div>
</section>
				</div>
					</div>
				</div>
		<div class="elementor-element elementor-element-3cdf181 e-flex e-con-boxed e-con e-parent" data-id="3cdf181" data-element_type="container" data-e-type="container">
					<div class="e-con-inner">
				<div class="elementor-element elementor-element-2e10ac5 elementor-widget elementor-widget-spacer" data-id="2e10ac5" data-element_type="widget" data-e-type="widget" data-widget_type="spacer.default">
							<div class="elementor-spacer">
			<div class="elementor-spacer-inner"></div>
		</div>
						</div>
					</div>
				</div>
				</div>

<p>Der Vorstand Der Vorstand der Borkumer Wohnraumgenossenschaft eG ist für die Geschäftsführung und die Außendarstellung der Genossenschaft verantwortlich. Zu seinen [&hellip;]</p>
