{"id":21,"date":"2026-01-28T15:05:24","date_gmt":"2026-01-28T14:05:24","guid":{"rendered":"http:\/\/neu.borkumer-wohnraumgenossenschaft.de\/?page_id=21"},"modified":"2026-04-14T22:16:46","modified_gmt":"2026-04-14T20:16:46","slug":"gruender","status":"publish","type":"page","link":"https:\/\/borkumer-wohnraumgenossenschaft.de\/?page_id=21","title":{"rendered":"gruender"},"content":{"rendered":"\t\t<div data-elementor-type=\"wp-page\" data-elementor-id=\"21\" class=\"elementor elementor-21\" data-elementor-post-type=\"page\">\n\t\t\t\t<div class=\"elementor-element elementor-element-38f3342 e-flex e-con-boxed e-con e-parent\" data-id=\"38f3342\" data-element_type=\"container\" data-e-type=\"container\">\n\t\t\t\t\t<div class=\"e-con-inner\">\n\t\t\t\t<div class=\"elementor-element elementor-element-c4aee15 elementor-widget elementor-widget-spacer\" data-id=\"c4aee15\" data-element_type=\"widget\" data-e-type=\"widget\" data-widget_type=\"spacer.default\">\n\t\t\t\t\t\t\t<div class=\"elementor-spacer\">\n\t\t\t<div class=\"elementor-spacer-inner\"><\/div>\n\t\t<\/div>\n\t\t\t\t\t\t<\/div>\n\t\t\t\t\t<\/div>\n\t\t\t\t<\/div>\n\t\t<div class=\"elementor-element elementor-element-39eb320 e-flex e-con-boxed e-con e-parent\" data-id=\"39eb320\" data-element_type=\"container\" data-e-type=\"container\">\n\t\t\t\t\t<div class=\"e-con-inner\">\n\t\t\t\t<div class=\"elementor-element elementor-element-88e6020 elementor-widget elementor-widget-html\" data-id=\"88e6020\" data-element_type=\"widget\" data-e-type=\"widget\" data-widget_type=\"html.default\">\n\t\t\t\t\t<section class=\"bw-section bw-team\" aria-labelledby=\"gruendung-heading\">\r\n  <div class=\"bw-section-inner bw-team-inner\">\r\n\r\n    <!-- Haupt\u00fcberschrift zentriert -->\r\n    <header class=\"bw-section-header bw-team-header\">\r\n      <div class=\"bw-section-title-wrap\">\r\n        <h2 id=\"gruendung-heading\">Gr\u00fcndungsteam<\/h2>\r\n      <\/div>\r\n    <\/header>\r\n\r\n    <!-- Gruppenbild -->\r\n    <figure class=\"bw-team-image-wrap\">\r\n      <img decoding=\"async\"\r\n        src=\"https:\/\/borkumer-wohnraumgenossenschaft.de\/wp-content\/uploads\/2026\/01\/Gruender-e1769647326387.jpg\"\r\n        alt=\"Gr\u00fcndungsteam der Borkumer Wohnraumgenossenschaft eG\"\r\n        class=\"bw-team-image\"\r\n      >\r\n    <\/figure>\r\n\r\n    <!-- Zweite \u00dcberschrift zentriert -->\r\n    <h3 class=\"bw-team-subheading\">Hintergrund &amp; Motivation<\/h3>\r\n\r\n    <p>\r\n      Weniger Dauerwohnraum bedeutet zugleich weniger Fachkr\u00e4fte f\u00fcr alle Bereiche des Insellebens.\r\n      Das Problem ist allgegenw\u00e4rtig \u2014 und es hat zum Handeln gef\u00fchrt.\r\n    <\/p>\r\n\r\n    <p>\r\n      Eine kleine Gruppe engagierter Insulaner hat deshalb die Initiative ergriffen und eine Genossenschaft gegr\u00fcndet,\r\n      um kosteng\u00fcnstigen Wohnraum auf Borkum zu schaffen. Das Genossenschaftsprinzip hat sich vielfach bew\u00e4hrt \u2014 auf\r\n      den ostfriesischen Inseln ebenso wie in st\u00e4dtischen Regionen \u2014 und bietet eine nachhaltige, gemeinschaftliche\r\n      L\u00f6sung f\u00fcr vermietete Immobilien.\r\n    <\/p>\r\n\r\n    <div class=\"highlight\" role=\"note\">\r\n      <p><strong>Mitgliedschaft und Mitwirkung<\/strong><\/p>\r\n      <p>Grunds\u00e4tzlich kann sich jeder engagieren: als ordentliches Mitglied oder als investierendes Mitglied. Beide Formen st\u00e4rken die Genossenschaft \u2014 direkt oder indirekt.<\/p>\r\n      <p>\r\n        Ordentliche Mitglieder haben Stimmrecht in der Generalversammlung und ein Anrecht auf bereitgestellten Wohnraum.\r\n        Investierende Mitglieder bringen Kapital ein, besitzen kein Stimmrecht, erhalten daf\u00fcr aber gegebenenfalls eine\r\n        h\u00f6here Dividende, sofern die Generalversammlung dies beschlie\u00dft.\r\n      <\/p>\r\n    <\/div>\r\n\r\n    <p>\r\n      Unabh\u00e4ngig von der gew\u00e4hlten Mitgliedsform ist jedes Mitglied wichtig: Nur mit ausreichend Eigenkapital l\u00e4sst sich\r\n      den dringend ben\u00f6tigten Wohnraum verwirklichen. Ein Anteil an der Borkumer Wohnraumgenossenschaft kostet 250,\u2013 Euro;\r\n      die Anzahl der zu zeichnenden Anteile ist frei w\u00e4hlbar.\r\n    <\/p>\r\n\r\n    <p>\r\n      Ein zentraler Vorteil der Genossenschaftsform ist ihr urdemokratischer Charakter:\r\n      <strong>ein Mitglied, eine Stimme<\/strong> \u2014 unabh\u00e4ngig von der H\u00f6he der Kapitalanteile. So wird verhindert, dass\r\n      finanzstarke Einleger die Entscheidungen dominieren.\r\n    <\/p>\r\n\r\n    <p>\r\n      Das Projekt richtet sich nicht nur an Einheimische: Auch Nicht\u2011Ortsans\u00e4ssige sind willkommen, sich zu engagieren\r\n      und ihrer Lieblingsinsel eine positive Perspektive zu geben.\r\n    <\/p>\r\n\r\n    <p class=\"muted\">\r\n      Die von der Genossenschaft geschaffenen Werte und das gesammelte Kapital bleiben Gemeinschaftskapital \u2014 getreu dem Motto:\r\n      <em>Von der Insel, f\u00fcr die Insel.<\/em>\r\n    <\/p>\r\n\r\n  <\/div>\r\n<\/section>\r\n\t\t\t\t<\/div>\n\t\t\t\t\t<\/div>\n\t\t\t\t<\/div>\n\t\t<div class=\"elementor-element elementor-element-de45c83 e-flex e-con-boxed e-con e-parent\" data-id=\"de45c83\" data-element_type=\"container\" data-e-type=\"container\">\n\t\t\t\t\t<div class=\"e-con-inner\">\n\t\t\t\t<div class=\"elementor-element elementor-element-d7ecb11 elementor-widget elementor-widget-spacer\" data-id=\"d7ecb11\" data-element_type=\"widget\" data-e-type=\"widget\" data-widget_type=\"spacer.default\">\n\t\t\t\t\t\t\t<div class=\"elementor-spacer\">\n\t\t\t<div class=\"elementor-spacer-inner\"><\/div>\n\t\t<\/div>\n\t\t\t\t\t\t<\/div>\n\t\t\t\t\t<\/div>\n\t\t\t\t<\/div>\n\t\t<div class=\"elementor-element elementor-element-115c408 e-flex e-con-boxed e-con e-parent\" data-id=\"115c408\" data-element_type=\"container\" data-e-type=\"container\">\n\t\t\t\t\t<div class=\"e-con-inner\">\n\t\t\t\t<div class=\"elementor-element elementor-element-b80215f elementor-widget elementor-widget-spacer\" data-id=\"b80215f\" data-element_type=\"widget\" data-e-type=\"widget\" data-widget_type=\"spacer.default\">\n\t\t\t\t\t\t\t<div class=\"elementor-spacer\">\n\t\t\t<div class=\"elementor-spacer-inner\"><\/div>\n\t\t<\/div>\n\t\t\t\t\t\t<\/div>\n\t\t\t\t\t<\/div>\n\t\t\t\t<\/div>\n\t\t\t\t<\/div>\n\t\t","protected":false},"excerpt":{"rendered":"<p>Gr\u00fcndungsteam Hintergrund &amp; Motivation Weniger Dauerwohnraum bedeutet zugleich weniger Fachkr\u00e4fte f\u00fcr alle Bereiche des Insellebens. Das Problem ist allgegenw\u00e4rtig \u2014 [&hellip;]<\/p>\n","protected":false},"author":1,"featured_media":0,"parent":0,"menu_order":0,"comment_status":"closed","ping_status":"closed","template":"elementor_header_footer","meta":{"site-sidebar-layout":"no-sidebar","site-content-layout":"","ast-site-content-layout":"full-width-container","site-content-style":"default","site-sidebar-style":"default","ast-global-header-display":"","ast-banner-title-visibility":"","ast-main-header-display":"","ast-hfb-above-header-display":"","ast-hfb-below-header-display":"","ast-hfb-mobile-header-display":"","site-post-title":"","ast-breadcrumbs-content":"","ast-featured-img":"disabled","footer-sml-layout":"","ast-disable-related-posts":"","theme-transparent-header-meta":"","adv-header-id-meta":"","stick-header-meta":"","header-above-stick-meta":"","header-main-stick-meta":"","header-below-stick-meta":"","astra-migrate-meta-layouts":"default","ast-page-background-enabled":"default","ast-page-background-meta":{"desktop":{"background-color":"var(--ast-global-color-5)","background-image":"","background-repeat":"repeat","background-position":"center center","background-size":"auto","background-attachment":"scroll","background-type":"","background-media":"","overlay-type":"","overlay-color":"","overlay-opacity":"","overlay-gradient":""},"tablet":{"background-color":"","background-image":"","background-repeat":"repeat","background-position":"center center","background-size":"auto","background-attachment":"scroll","background-type":"","background-media":"","overlay-type":"","overlay-color":"","overlay-opacity":"","overlay-gradient":""},"mobile":{"background-color":"","background-image":"","background-repeat":"repeat","background-position":"center center","background-size":"auto","background-attachment":"scroll","background-type":"","background-media":"","overlay-type":"","overlay-color":"","overlay-opacity":"","overlay-gradient":""}},"ast-content-background-meta":{"desktop":{"background-color":"var(--ast-global-color-4)","background-image":"","background-repeat":"repeat","background-position":"center center","background-size":"auto","background-attachment":"scroll","background-type":"","background-media":"","overlay-type":"","overlay-color":"","overlay-opacity":"","overlay-gradient":""},"tablet":{"background-color":"var(--ast-global-color-4)","background-image":"","background-repeat":"repeat","background-position":"center center","background-size":"auto","background-attachment":"scroll","background-type":"","background-media":"","overlay-type":"","overlay-color":"","overlay-opacity":"","overlay-gradient":""},"mobile":{"background-color":"var(--ast-global-color-4)","background-image":"","background-repeat":"repeat","background-position":"center center","background-size":"auto","background-attachment":"scroll","background-type":"","background-media":"","overlay-type":"","overlay-color":"","overlay-opacity":"","overlay-gradient":""}},"footnotes":""},"class_list":["post-21","page","type-page","status-publish","hentry"],"_links":{"self":[{"href":"https:\/\/borkumer-wohnraumgenossenschaft.de\/index.php?rest_route=\/wp\/v2\/pages\/21","targetHints":{"allow":["GET"]}}],"collection":[{"href":"https:\/\/borkumer-wohnraumgenossenschaft.de\/index.php?rest_route=\/wp\/v2\/pages"}],"about":[{"href":"https:\/\/borkumer-wohnraumgenossenschaft.de\/index.php?rest_route=\/wp\/v2\/types\/page"}],"author":[{"embeddable":true,"href":"https:\/\/borkumer-wohnraumgenossenschaft.de\/index.php?rest_route=\/wp\/v2\/users\/1"}],"replies":[{"embeddable":true,"href":"https:\/\/borkumer-wohnraumgenossenschaft.de\/index.php?rest_route=%2Fwp%2Fv2%2Fcomments&post=21"}],"version-history":[{"count":28,"href":"https:\/\/borkumer-wohnraumgenossenschaft.de\/index.php?rest_route=\/wp\/v2\/pages\/21\/revisions"}],"predecessor-version":[{"id":873,"href":"https:\/\/borkumer-wohnraumgenossenschaft.de\/index.php?rest_route=\/wp\/v2\/pages\/21\/revisions\/873"}],"wp:attachment":[{"href":"https:\/\/borkumer-wohnraumgenossenschaft.de\/index.php?rest_route=%2Fwp%2Fv2%2Fmedia&parent=21"}],"curies":[{"name":"wp","href":"https:\/\/api.w.org\/{rel}","templated":true}]}}